mine j(1).
2
Let f(t) = -t**2 + t - 7. Let o(n) = -n**2 + 18*n. Let y be o(18). Determine f(y).
-7
Let z(j) = -j**3 - 7*j**2 - 4*j**3 + j + 9 + 4*j**3. Let f be z(-7). Suppose f*p - 16 = -2*p. Let i(b) = b**2 - 4*b - 1. Determine i(p).
-1
Let b(m) = -m**2 - m + 4. Suppose -4*z + z = 0. What is b(z)?
4
Let h = 18 - 14. Let l(p) = -h - p**2 + 0*p**2 + p**3 + 5*p**2 - 4*p - 2*p**2. Give l(-3).
-1
Let r be (0*(-2)/(-4))/2. Let m(g) = 0*g**2 - g**2 + r*g - g. What is m(-1)?
0
Let q(b) = b**3 + 6*b**2 - 2*b - 9. Let l be q(-6). Suppose 0 = 2*u + 3*p - 9, -u + p = -0*p - 2. Let w(i) = i - u - 3 - 1. What is w(l)?
-4
Let b(j) = -4*j**3 - 8*j**2 - 5*j - 4. Let h(w) = -w**3 - w**2 - 1. Let r(s) = -b(s) + 5*h(s). Determine r(4).
3
Let d(c) = -c**3 - c**2 + c - 2. Let o be (-1)/5 - (-70)/125*-5. What is d(o)?
13
Let n(k) = 4*k**2 - 4*k**2 - 6 - k - k**2 + 5*k. Give n(4).
-6
Let k(o) = o**3 - 16*o**2 + 3*o - 49. Let n be k(16). Let z(f) = -10*f - 1. Calculate z(n).
9
Let v(t) = -20*t**3 + 4*t**2 - 4*t - 3. Let w(u) = 21*u**3 - 5*u**2 + 5*u + 4. Let b(o) = 4*v(o) + 3*w(o). Determine b(1).
-17
Let v(o) = -6*o - 6. Let h(a) = 7*a + 7. Let r(p) = -4*h(p) - 5*v(p). Calculate r(3).
8
Let g(r) = -6*r**2 - 4. Let z(s) be the third derivative of -s**5/60 + s**4/24 - s**3/6 + 2*s**2. Let q(y) = -g(y) + 5*z(y). Determine q(-5).
-1
Let i(h) = 1 + 5*h**3 + 0*h**3 - 16*h + 17*h. Give i(-1).
-5
Let b(i) = -i**3 + i**2 + i - 4. Suppose -6*d = -9*d. Calculate b(d).
-4
Let p(m) = -m**3 - 3*m**2 + 5*m + 4. Let q = -25 + 21. Determine p(q).
0
Let h(b) = -2*b**2 - b + 1. Let l be h(-1). Let r(j) = -j**3 - j**2. What is r(l)?
0
Suppose 5*o + 2*j - 16 = -0*j, 0 = -3*o - 3*j + 15. Suppose -1 = -2*n + v - 0*v, -o*n + 3*v = 5. Let i(l) = n - l + l - 2*l. Give i(-2).
6
Suppose -30 = 6*h - 11*h. Let k(b) = -b + 8. Give k(h).
2
Suppose 2*n - 4 = 0, 0*d - 4*d = 2*n - 20. Let s(f) = -f**2 + 2*f - 2. Let l(b) = 2*b**2 - 4*b + 3. Let k(x) = 2*l(x) + 5*s(x). Determine k(d).
-12
Let v(x) = -x**3 + 7*x**2 + 9*x - 1. Let d(b) = -b**3 - 4*b**2 + 2*b - 7. Let g be d(-5). Determine v(g).
7
Let x(d) = d**2 + 8*d - 6. Let o(f) = 2 - 3 + 4 - 3*f - 1. Let c(z) = -8*o(z) - 3*x(z). What is c(-2)?
-10
Let w be (-32)/(-6) + 2/3. Let v = w + -5. Let h(m) = -m**3 + 2*m**2 - 1. What is h(v)?
0
Let l(u) = u**2. Let z(s) = -3*s**2 + s. Let x(j) = -2*l(j) - z(j). Calculate x(1).
0
Let v(z) = 7*z**2 + 13*z + 8. Let y(g) = -g**2 - g - 1. Let q(i) = v(i) + 6*y(i). Suppose 0 = -3*a - 12 - 0. What is q(a)?
-10
Let u(v) = v**2 - 7*v + 4. Let l be u(5). Let n(f) = f**2 + 5*f - 2. Determine n(l).
4
Let a be (-12)/54 - (-20)/9. Suppose a*i + 2 = -6. Let d(u) = -2*u**2 - 4*u + 4. Give d(i).
-12
Let i(n) be the third derivative of n**4/24 - 2*n**3/3 - 2*n**2. Give i(4).
0
Let k(j) = 3*j + 1. Let n(i) = 2*i + 1. Let s(t) = 7*k(t) - 6*n(t). Suppose -10*p - 1 - 9 = 0. Calculate s(p).
-8
Let j(i) = i + 8. Let y be j(-6). Suppose -y*f = -0*f - 6. Suppose 5*v = 5*g + f*v - 21, -3*v + 6 = 0. Let k(x) = x**2 - 2*x - 7. What is k(g)?
8
Let a(w) = -w**3 + w**2 + w + 1. Let o be -2 + 2 + 3 + 2. Suppose o*k + 26 + 9 = 0. Let c be (-16)/k + 2/(-7). Give a(c).
-1
Let k(a) = 2*a**2 + 3*a - 1. Let b(l) = 3*l**2 + 3*l - 1. Let i(c) = 3*b(c) - 4*k(c). Let t(f) = -f**2 + 9*f - 10. Let z be t(7). What is i(z)?
5
Let x(z) be the first derivative of -z**3/3 + 5*z**2/2 + 1. Suppose 0 = -k - 6*k + 42. Calculate x(k).
-6
Let y(u) = -2*u - 4. Let h = -6 + 9. Let o(g) = 2*g + 5. Let f(r) = h*o(r) + 4*y(r). Calculate f(-3).
5
Suppose -3*f + 4*z = -4, -2*z + 3 = -5*f - 5*z. Let l = 0 - -2. Let o(b) = -4*b**2 + 2 - b + 1 + 2*b**2 + 3*b**l. Calculate o(f).
3
Let n = 4 - 2. Let w = n + 0. Let x(g) = 5*g**3 - 3*g**3 + 2*g + 2*g**w - 3*g**3. Give x(3).
-3
Let o(w) be the second derivative of w**5/20 + 2*w**4/3 + 7*w**3/6 - w**2 - 12*w. Determine o(-7).
-2
Let c(t) = 5*t**3 + 7*t**2 - 8*t - 4. Let a(z) = z**3 + z**2 - z - 1. Let n(y) = 6*a(y) - c(y). What is n(2)?
6
Let o(l) = -l**3 - 5*l**2 - 3*l - 5. Let c be -1*(8 - 4 - -1). Determine o(c).
10
Let y(q) be the first derivative of 1/2*q**2 + 2 + 0*q. Calculate y(3).
3
Let m(b) = -b**2 - b. Suppose 2*v = 3*v - 3. Suppose v*h + 42 + 33 = 3*y, -5*y = 15. Let a be 8/h + 4/14. Give m(a).
0
Let g(n) = n**3 + 7*n**2 - 7*n + 10. Let s be g(-8). Let o(p) = 2*p**3 + 2. Calculate o(s).
18
Let d(j) = 3*j**2 + j. Let i be (-1 + (-9)/(-3))*(-1)/(-2). What is d(i)?
4
Suppose -25 = -o - 2*o + 5*u, 4*o + 5*u = 10. Suppose 2*p - 16 = -3*w + 1, -5*w = o*p - 35. Let d(s) = -2 - 8*s**2 + s**2 - s + s**3 + w*s**2. Determine d(4).
-6
Suppose -x - 3*v + 3 = 0, 2*v + 6 = 5*x - 3*x. Let n(l) = -5*l**2 + 0*l + 3 - 4 - 2*l**3 + 3*l**x + 6*l. Determine n(4).
7
Let r(w) = 2*w + 2 - 4*w - 2*w**2 - w**3 + w**2 + 5*w**2. Let h be 3*((-2 - 1) + 0). Let p = h + 13. What is r(p)?
-6
Let i(z) = 2*z - 3. Let n be i(3). Let f(o) = -n - 2*o - 2*o + 3*o. Let r be 2 - (5 - (-4 - -3)). Calculate f(r).
1
Let v(p) = -p**2 - 6*p + 1. Let i(j) = j**2 - j + 1. Let c(m) = m**3 - 15*m**2 + 16*m - 18. Let y(r) = -c(r) - 4*i(r). Let w be y(10). What is v(w)?
1
Let u = 6 + -2. Let q(b) = -b**3 - 2*b**2 - 2*b - 1. Let m be q(-2). Let k(g) = -1 - m + 2*g - g + g**2 - 3*g. What is k(u)?
4
Let m be (-5)/(-4*(-1)/4). Let x(j) = -j - 10. Determine x(m).
-5
Let n(u) = -u**2 + 6*u - 5. Let o be n(5). Let l(m) = m + 4. Let w be l(o). Let d(p) = -3*p + 3. Let f(x) = -x + 1. Let k(z) = -d(z) + 2*f(z). Determine k(w).
3
Let d = 1 + 2. Let c be ((-9)/d + 9)/2. Let b(h) = 2*h + 2*h + c - 3*h - 2*h. Calculate b(-5).
8
Let w be (-2)/9 + 110/9. Let s = 8 - w. Let c(l) be the first derivative of l**3/3 + 3*l**2/2 + l - 2. Calculate c(s).
5
Let b(y) be the first derivative of -y**2/2 + 3*y + 5. What is b(-6)?
9
Let k be (2 + 39/(-6))*2. Let i be (6/k)/(1/(-6)). Let h be i/10*(-10)/(-4). Let a(c) = c**2 + 1. Calculate a(h).
2
Let f(z) be the third derivative of -z**7/840 - z**6/45 - z**5/15 - z**4/24 - 2*z**3/3 - 8*z**2. Let g(q) be the first derivative of f(q). Give g(-7).
6
Let o(w) be the second derivative of w**4/12 + 4*w**3/3 - 3*w**2 - 15*w - 1. Determine o(-7).
-13
Let u(a) = -a**3 - a**2 - 2*a - 2. Suppose 11*z = -30 + 8. Determine u(z).
6
Suppose -4*w + 20 = -16. Let a(b) = 2*b**2 + 2*b + 1. Let h be a(-2). Suppose -h*m + 6 = -w, -9 = 2*p - 5*m. Let r(x) = 2*x - 2. Calculate r(p).
4
Let b(n) = 3*n + 10. Suppose 4*i + 38 = -2*d, d = -d - 10. Give b(i).
-11
Let r(v) = v**3 + 10*v**2 + 11*v + 11. Let b be r(-9). Let h(n) = -n - 7. What is h(b)?
0
Let n(j) = j**2 + 4*j - 2. Let z(i) = 2*i**2 + 8*i - 3. Let h(a) = 6*a. Let c be h(-1). Let u(y) = c*z(y) + 11*n(y). What is u(-3)?
-1
Let n(v) = 26*v - 20. Let y(i) = -5*i + 4. Let o(d) = 2*n(d) + 11*y(d). Calculate o(-3).
13
Let n(k) = -k**2 - 4*k + 5. Suppose -3*u = 5*r - 9 - 12, 0 = -r + 3. Suppose -5 = 2*b + 5*q, b = -u*b + 4*q - 19. Determine n(b).
0
Suppose 2*z - 64 = -2*z. Let d be ((-16)/6)/(z/(-24)). Let i = 3 - d. Let p(b) = 7*b + 1. What is p(i)?
-6
Let x(c) be the third derivative of 4/3*c**3 + 1/3*c**4 - 3*c**2 + 0 + 0*c + 1/60*c**5. Determine x(-6).
-4
Suppose 5*l - 11 = -h, -3*l + 5 = -5*h - 24. Let i(t) = t**2 - 2*t + 2. What is i(l)?
5
Let r(l) = -l**3 - 7*l**2 + 9*l + 9. Let w be ((2 - -1) + -3)/(-2). Suppose -y - 3 = w, 2*s - 5*s = -y + 21. What is r(s)?
1
Let z = -2 + 1. Let k(f) = -f**3 - f**2 + f. Let b(d) = 7*d**3 - 4*d**2 + d - 1. Let o(v) = -b(v) + 3*k(v). Determine o(z).
10
Let o = 23 + -30. Let l(t) = -t**3 - 6*t**2 + 6*t - 2. Give l(o).
5
Let k(w) = 0*w + 21 + 3*w**2 - w**3 + 2*w - 16. Calculate k(4).
-3
Let v be ((-4)/(-12))/((-4)/(-60)). Let s(t) = t + 2. Calculate s(v).
7
Let d(m) = m**3 + 4*m - 3. Let h be d(1). Let s(k) = -k**3. Calculate s(h).
-8
Let j(s) = -3 + s**2 - 5*s - 7*s - 5. Let n be j(13). Let u(p) = p**3 - 4*p**2 - 5*p - 1. What is u(n)?
-1
Let m(p) = -2*p**2 - 5*p + 3. Let x(f) = 3*f**2 + 8*f - 4. Let y(v) = 8*m(v) + 5*x(v). Give y(0).
4
Let h(g) be the second derivative of -7*g**3/2 + g**2 + g. Let o(m) = 11*m - 1. Let w(p) = 3*h(p) + 5*o(p). Let k = -1 - -2. Give w(k).
-7
Let t(j) be the first derivative of -3/2*j**2 - 1 - 5*j. Give t(-5).
10
Let k = 7 - 4. Let v(p) = 5 + 4*p**2 + k*p - 3*p**2 + 3*p. Let j(w) = w**2 - 7*w + 6. Let i be j(5). What is v(i)?
-3
Let h(v) = v**2